 5, 7, 11
What are the prime factors of 4454?
2, 17, 131
What are the prime factors of 6436?
2, 1609
What are the prime factors of 177269?
177269
List the prime factors of 2911.
41, 71
List the prime factors of 4907.
7, 701
List the prime factors of 4846.
2, 2423
What are the prime factors of 9322?
2, 59, 79
List the prime factors of 5532.
2, 3, 461
List the prime factors of 45720.
2, 3, 5, 127
List the prime factors of 1515.
3, 5, 101
List the prime factors of 511.
7, 73
What are the prime factors of 9275?
5, 7, 53
What are the prime factors of 2890?
2, 5, 17
What are the prime factors of 345?
3, 5, 23
What are the prime factors of 11988?
2, 3, 37
List the prime factors of 7601.
11, 691
List the prime factors of 791.
7, 113
What are the prime factors of 2747?
41, 67
List the prime factors of 2851.
2851
What are the prime factors of 4361?
7, 89
List the prime factors of 17627.
17627
List the prime factors of 7707.
3, 7, 367
What are the prime factors of 3659?
3659
List the prime factors of 22892.
2, 59, 97
List the prime factors of 1273.
19, 67
What are the prime factors of 12557?
29, 433
What are the prime factors of 14887?
14887
List the prime factors of 29606.
2, 113, 131
List the prime factors of 50172.
2, 3, 37, 113
List the prime factors of 80.
2, 5
List the prime factors of 2550.
2, 3, 5, 17
List the prime factors of 116383.
181, 643
What are the prime factors of 65274?
2, 3, 11, 23, 43
List the prime factors of 131570.
2, 5, 59, 223
What are the prime factors of 491?
491
What are the prime factors of 27832?
2, 7, 71
List the prime factors of 2292.
2, 3, 191
List the prime factors of 24282.
2, 3, 19, 71
What are the prime factors of 4245?
3, 5, 283
List the prime factors of 2268.
2, 3, 7
List the prime factors of 9027.
3, 17, 59
List the prime factors of 1108.
2, 277
List the prime factors of 3827.
43, 89
List the prime factors of 2895.
3, 5, 193
List the prime factors of 6593.
19, 347
List the prime factors of 285.
3, 5, 19
What are the prime factors of 274?
2, 137
List the prime factors of 1828.
2, 457
What are the prime factors of 196574?
2, 7, 19, 739
List the prime factors of 4061.
31, 131
What are the prime factors of 1556?
2, 389
What are the prime factors of 13104?
2, 3, 7, 13
What are the prime factors of 403?
13, 31
What are the prime factors of 71446?
2, 139, 257
What are the prime factors of 1301?
1301
What are the prime factors of 12802?
2, 37, 173
What are the prime factors of 113766?
2, 3, 67, 283
What are the prime factors of 3976?
2, 7, 71
What are the prime factors of 32874?
2, 3, 5479
What are the prime factors of 14279?
109, 131
List the prime factors of 9492.
2, 3, 7, 113
List the prime factors of 316.
2, 79
What are the prime factors of 18905?
5, 19, 199
What are the prime factors of 5526?
2, 3, 307
List the prime factors of 12000.
2, 3, 5
List the prime factors of 13485.
3, 5, 29, 31
List the prime factors of 436.
2, 109
What are the prime factors of 95361?
3, 7, 19, 239
What are the prime factors of 9028?
2, 37, 61
List the prime factors of 1345.
5, 269
List the prime factors of 42814.
2, 21407
List the prime factors of 134536.
2, 67, 251
What are the prime factors of 975?
3, 5, 13
List the prime factors of 71770.
2, 5, 7177
What are the prime factors of 98469?
3, 7, 521
List the prime factors of 3935.
5, 787
What are the prime factors of 2282?
2, 7, 163
What are the prime factors of 15460?
2, 5, 773
List the prime factors of 561.
3, 11, 17
List the prime factors of 2234.
2, 1117
What are the prime factors of 39799?
39799
List the prime factors of 4635.
3, 5, 103
What are the prime factors of 3858?
2, 3, 643
List the prime factors of 25745.
5, 19, 271
List the prime factors of 31440.
2, 3, 5, 131
What are the prime factors of 629?
17, 37
List the prime factors of 52899.
3, 7, 11, 229
What are the prime factors of 5827?
5827
List the prime factors of 2043.
3, 227
What are the prime factors of 5240?
2, 5, 131
What are the prime factors of 627?
3, 11, 19
What are the prime factors of 85699?
43, 1993
List the prime factors of 21039.
3, 7013
List the prime factors of 3388.
2, 7, 11
What are the prime factors of 2875?
5, 23
What are the prime factors of 20893?
17, 1229
List the prime factors of 2300.
2, 5, 23
What are the prime factors of 2344?
2, 293
List the prime factors of 95588.
2, 23, 1039
What are the prime factors of 2156?
2, 7, 11
List the prime factors of 1117.
1117
What are the prime factors of 312?
2, 3, 13
What are the prime factors of 2086?
2, 7, 149
What are the prime factors of 49319?
149, 331
List the prime factors of 1395.
3, 5, 31
List the prime factors of 14605.
5, 23, 127
What are the prime factors of 55629?
3, 7, 883
What are the prime factors of 7846?
2, 3923
What are the prime factors of 10902?
2, 3, 23, 79
List the prime factors of 1204.
2, 7, 43
What are the prime factors of 589?
19, 31
What are the prime factors of 8367?
3, 2789
List the prime factors of 1044.
2, 3, 29
List the prime factors of 3857.
7, 19, 29
What are the prime factors of 2543?
2543
List the prime factors of 2659.
2659
What are the prime factors of 16417?
16417
What are the prime factors of 1490?
2, 5, 149
List the prime factors of 1272.
2, 3, 53
List the prime factors of 2185.
5, 19, 23
What are the prime factors of 20285?
5, 4057
List the prime factors of 24023.
24023
List the prime factors of 784.
2, 7
What are the prime factors of 1969?
11, 179
List the prime factors of 1916.
2, 479
List the prime factors of 9758.
2, 7, 17, 41
List the prime factors of 2070.
2, 3, 5, 23
List the prime factors of 9996.
2, 3, 7, 17
List the prime factors of 82274.
2, 31, 1327
What are the prime factors of 25678?
2, 37, 347
What are the prime factors of 1539?
3, 19
List the prime factors of 47558.
2, 7, 43, 79
What are the prime factors of 449?
449
What are the prime factors of 8186?
2, 4093
What are the prime factors of 31762?
2, 15881
List the prime factors of 72797.
72797
What are the prime factors of 50?
2, 5
What are the prime factors of 1094?
2, 547
What are the prime factors of 73826?
2, 36913
List the prime factors of 504.
2, 3, 7
List the prime factors of 155.
5, 31
What are the prime factors of 1055?
5, 211
What are the prime factors of 3639?
3, 1213
List the prime factors of 42214.
2, 21107
What are the prime factors of 47387?
47387
What are the prime factors of 21282?
2, 3, 3547
List the prime factors of 50398.
2, 113, 223
List the prime factors of 2775.
3, 5, 37
List the prime factors of 84067.
84067
List the prime factors of 34443.
3, 43, 89
What are the prime factors of 1728?
2, 3
List the prime factors of 467.
467
What are the prime factors of 88808?
2, 17, 653
List the prime factors of 1545.
3, 5, 103
What are the prime factors of 2265?
3, 5, 151
What are the prime factors of 1902?
2, 3, 317
What are the prime factors of 1475?
5, 59
List the prime factors of 1593.
3, 59
List the prime factors of 2276.
2, 569
List the prime factors of 68859.
3, 7, 1093
List the prime factors of 82054.
2, 7, 5861
List the prime factors of 32156.
2, 8039
List the prime factors of 9641.
31, 311
List the prime factors of 2223.
3, 13, 19
List the prime factors of 7959.
3, 7, 379
List the prime factors of 4.
2
List the prime factors of 148235.
5, 23, 1289
List the prime factors of 835.
5, 167
What are the prime factors of 26833?
26833
List the prime factors of 38292.
2, 3, 3191
What are the prime factors of 698?
2, 349
What are the prime factors of 31850?
2, 5, 7, 13
List the prime factors of 95852.
2, 31, 773
What are the prime factors of 20838?
2, 3, 23, 151
List the prime factors of 3114.
2, 3, 173
What are the prime factors of 2606?
2, 1303
What are the prime factors of 869?
11, 79
What are the prime factors of 621?
3, 23
What are the prime factors of 27829?
17, 1637
List the prime factors of 24594.
2, 3, 4099
List the prime factors of 13047.
3, 4349
List the prime factors of 12358.
2, 37, 167
List the prime factors of 1834.
2, 7, 131
What are the prime factors of 1750?
2, 5, 7
What are the prime factors of 1050?
2, 3, 5, 7
What are the prime factors of 25628?
2, 43, 149
List the prime factors of 22967.
7, 17, 193
What are the prime factors of 15167?
29, 523
What are the prime factors of 2766?
2, 3, 461
List the prime factors of 1728.
2, 